 (1 - 0) + 17 - -1?
77
What is the value of -10 + 4 - 5 - -51 - -6 - -6 - 9?
43
Evaluate (-9 - -6 - (-4 - 26)) + -1 + 13.
39
55 - (4 - (0 + 6 + (11 - 17)))
51
What is 6 - (-7 + -2 + (-33 + 67 - 36))?
17
What is -43 + (-39 - -75) + 18 + -5 + -1 + 6?
11
Evaluate 39 - (29 - (43 - 68)).
-15
What is (-16 - (-46 + 20)) + (-51 - 14)?
-55
Evaluate (290 - 35) + -294 + (-1 - -118).
78
Calculate -81 + 15 + 26 + (-2 - 0 - 7) + 2.
-47
Calculate -20 + (3 - 10) + 9 - (101 - 31).
-88
Evaluate 3 + 22 + (10 - (13 - 28)).
50
Evaluate 184 + -125 - -21 - 134.
-54
What is -3 + 3 + 6 + (14 - -3) + -13?
10
What is (1 + -2 - (0 + 6)) + -102 + (-183 - -337)?
45
Evaluate (-130 - -279 - 139) + -14.
-4
Calculate -7466 - -7471 - (2 + (0 + 39 - 1)).
-35
Calculate (-33 - 16) + 118 + (0 - 12).
57
30 + -19 + -78 + 173
106
Evaluate 88 + (-132 + 49 - -2).
7
6 - (24 + 0 + 25 + -26)
-17
(23 - (16 + -9)) + 34 - 40
10
Evaluate (1 - (2 + -2 - 0)) + (8518 - 8535).
-16
What is (4 - (14 + -8)) + 6 + 0 - (129 - 191)?
66
What is the value of 26 - ((-490 - -559) + (0 - 42))?
-1
What is 3 - 3 - (-36 + -1) - (-21 + -75 - -99)?
34
31 + (-30 - -10) - -1 - (41 - 1)
-28
What is the value of 1091 + -1124 + (-27 - -4 - 0)?
-56
What is (19 - (1 + 6)) + -29 - 10 - -8?
-19
Evaluate -1 - (51 - ((-2 - 35 - -29) + 0 + -1)).
-61
What is -30 - 0 - (-33 + -38 + 81 + -13 + -5)?
-22
Evaluate -2 - 17 - (40 - (99 - 28)).
12
(-416 - -386) + (1 - -45)
16
What is the value of 7 + -16 + -14 + (-7 + 0 - -6)?
-24
Calculate -28 + 15 - -33 - (0 + 2 - -11).
7
Calculate 57 + -102 - -48 - -42.
45
(-93 + (28 - -13) - -38) + 44
30
Calculate -24 + 0 - (29 + -79) - 90.
-64
Calculate (-26 - (16 - 25 - -12)) + -24.
-53
Evaluate 47 - (-3 + -5 + -9 + 23).
41
Calculate (-3 - -2) + -8 + 0 - (2553 - 2481).
-81
What is (2340 - 2328) + -3 + 0 + 2 + (57 - 1)?
67
Calculate -10 - (-99 - 27) - 65.
51
What is the value of 898 + -855 - (1 + 62)?
-20
What is (-8 - (10 + -12 + -57)) + 3 + -9?
45
-14 - (3 + ((14 - (-11 + 25)) + -118 - -2))
99
What is 93 + 126 + -263 + -53?
-97
16 + -14 + (-15 - 1) + 5 + 10
1
58 + -26 + -25 + -8 - (-21 - 2)
22
Evaluate -37 + (-2 + 17 + -6 - (-20 - (23 + -41))).
-26
Evaluate -30 + (-19 - -101) + -108.
-56
Calculate -16 - (49 + (-41 - 14)).
-10
What is the value of 24 + (-81 - (-23 + 29)) + 30?
-33
10 - (-4 + (-18 - -12 - (9 - 2)))
27
Calculate 0 + (0 - (6 + -19 + -17)).
30
What is the value of -8 + (-38 + 5 - 22)?
-63
9 + (-20 - -19) - (-6 + 80 - -6)
-72
-1 + 4 + (-12 - (137 + -152))
6
Calculate 52 + (-51 - -23) - 18.
6
What is the value of -3 + (-7 - (16 + -36)) + 0?
10
Calculate -74 + 73 + (12 - 0) - (6 + 2 + 21).
-18
What is 25 + 58 + -127 + 100?
56
What is the value of (44 - (-98 + 185)) + 135?
92
-103 - (-35 + -2 + 32) - (-1 + 14)
-111
Calculate (-29 - (-21 + 43)) + 22 + 22.
-7
What is 51 - ((19 - -8) + -14) - 18?
20
What is the value of -7 - (-91 - (47 + -91) - (-2 - (-1 - 5)))?
44
Evaluate 30 - (7 - (-24 + 12 + 8 + 10)).
29
(-81 - -117) + -11 - (0 + 1) - -42
66
(28 - 7 - 22) + 7 + (-3 - 0)
3
Calculate -80 - -61 - (6 + -9 - 5).
-11
What is 0 - -61 - (35 - (8 + (33 - -7)))?
74
(2 - -19 - -39) + 2 + 0 + (-3 - -2)
61
What is the value of ((-20 - 0) + 124 + -55 - (0 - 15)) + -5?
59
8 - (220 + -268 + -4 + 20)
40
Evaluate 39 - (27 + -19 + -13 - -18).
26
Evaluate 11 + (12 - -30) - 113.
-60
Calculate -22 - 0 - (-459 + 491).
-54
What is the value of 28 + 21 + 14 - 27 - (5 - -2)?
29
What is the value of (34 + (-135 - -26) - -35) + 128?
88
What is the value of -2 - 41 - (-475 - -442) - -4?
-6
What is the value of 1 + -2 + 5 + 26 + -1 + (161 - 182)?
8
Calculate 0 + (12 - -2) + 480 + -499 - (5 - -124).
-134
Calculate (-3 - -2) + -7 - 6 - -10.
-4
Calculate (-3 + (44 - (-2 + -4)) - -3) + -21 + 14.
43
Calculate 10 + (11 - 12 - 9) - 45 - -12.
-33
Calculate 7 - -5 - ((-19 - -2) + 55).
-26
What is (9 - 2) + (-6 + -2 - 15) + -16?
-32
Calculate (44 - 22 - -59) + -54.
27
Evaluate (-1 - 1) + (-45 - -61) + -11.
3
What is the value of 136 - (-24 + (-77 - -150))?
87
Evaluate (9 - 1) + (-12 - (37 - (33 - -48))).
40
Evaluate -15 + (1 + -1 - (121 - 125)) + 0 - -10.
-1
Calculate 46 + -23 + 35 + (-11 - -5 - 10).
42
Calculate 2014 + -2014 - (-1 + 3 - 0 - -95).
-97
2 + 19 - (-1273 + 1323)
-29
What is the value of -105 + 54 + 86 - 51?
-16
Evaluate (-9 - -4 - -16) + (31 + 1 - (39 + -50)).
54
13 - ((-20 - -5) + 16)
12
What is 7 + (-106 - -120 - (-7 - 2))?
30
(-52 - 1) + (13 - (-3 - -37) - -20)
-54
Evaluate (-83 - 12) + 0 + 26 + -14.
-83
What is (1 - 29) + (111 - 80) + 57?
60
What is the value of 21 + ((11 - 2) + -365 + 366 - (2 - -7))?
22
Evaluate 16 + 0 + 68 + -80 - (33 + 2) - 8.
-39
(-5 - -15) + (8 - (-3 - 4)) + -12
13
Calculate (-3 - 4) + 18 + (-49 - -9).
-29
Calculate 16 + (41 - 26) - (15 + -1).
17
What is the value of (-45 - (-21 - 23) - (-1 + 56)) + -4?
-60
Calculate 56 - (-28 + (-31 - -105)).
10
-12 + -100 + 85 - (-2 + -26)
1
Calculate -184 - (-105 + 24 - 24).
-79
What is -98 - (-4 + -1 + -39 - -10)?
-64
Evaluate (-24 - (19 + -29)) + -10 + -56.
-80
Calculate (14 - -11 - (-11 - -3)) + 98 + -113.
18
What is -127 - -136 - -53 - -28?
90
What is the value of -18 + (25 - ((39 - 23) + -64))?
55
Calculate 21 + -21 + 9 + (5 + -4 + 0 - -6).
16
Evaluate (108 - 102) + (-2 - 4 - (-1 + -1)) + 97.
99
Evaluate -17 + 1 + -62 + 35 + (40 - 61).
-64
What is -216 + 221 + (22 - -2)?
29
91 + 19 + 4 + -138
-24
50 + 9 + (-10 - 6 - -3 - -10)
56
What is -26 - (-1 - (1 - (-9 + 7)))?
-22
(-1 + 5 + 58 + -43 - 19) + 13
13
Evaluate (69 - 103) + (59 - 5).
20
What is 42 - (47 - (-205 + 97))?
-113
What is -3 - (0 - -71) - -70?
-4
What is the value of 40 + (28 - -30 - 53)?
45
Evaluate (6 - (-26 - (-13 - 33))) + 10.
-4
Evaluate 4 + -4 + 4 + (0 - -59 - (0 + 8)).
55
What is the value of -84 - (-11 - (-34 - (-31 - 2)))?
-74
What is the value of -49 - (0 + (-4 - 1) - (-255 - -245))?
-54
Evaluate (-20 - 66) + 141 + -113.
-58
What is (6 + -2 - -9) + -11 + -2 + -81 + 1?
-80
What is the value of (-9 - 26) + (-260 - -310)?
15
(233 - 234) + (14 - -27)
40
1 - 1 - -3 - (-332 + 310 + -2 + 17)
10
2 + -6 + -4 - (3 + (-1 - (-11 - -91)))
70
Evaluate -108 - (-38 - (0 + 5 + -40)).
-105
What is -70 + (16 - (-3 + 1 + 6)) + -13?
-71
Evaluate 9 + (-6 + 4 + -48 - -18).
-23
Evaluate 8 - (14 - 16 - (-9 + (-21 - 6))).
-26
What is 0 + 8 + 7 - (-39 + (-29 - -16))?
67
Evaluate 56 + -5 + 24 + -78 + 32.
29
-35 - (3 - -38) - 76
-152
What is the value of (-7 - ((-14 - -13) + -13 + 13 + 9)) + 5?
-10
-24 - (26 + 17) - (-12 + 1)
-56
Calculate -13 + 41 + (-2 - -14 - 19).
21
Evaluate 3 + 0 + (32 - 0) - (9 + -7) - -3.
36
Calculate -127 + 24 + (769 - 758).
-92
Calculate 5 - (-277 + (105 - -34)).
143
-2 + 1 + 78 + (-29 - (-50 - -24))
74
What is the value of -6 + -127 + 37 - -17?
-79
Calculate 16 - 6 - 3 - (13 - (-7 - (42 + 4))).
-59
What is (24 - -6) + 65 - 82?
13
Evaluate 11 + (-54 - -23) + -6.
-26
0 - -65 - (-5 + -4) - (5 - (9 - -1))
79
Calculate ((-1 - 2) + 3 - -2) + (159 + -75 - 77).
9
432 - 479 - (6 - (-8 + -4))
-65
Calculate -8 + 0 + (61 - (-83 + 145)).
-9
-33 + 0 - (971 - 948) - 16
-72
What is the value of -38 - ((35 - 105) + 36)?
-4
Evaluate (9 - 5) + 0 - (4 - (-7 + -2) - 8).
-1
What is 251 - 153 - (88 - 7)?
17
4 - (-16 + -7 + 32 + (-1 - 15))
11
Calculate -84 + -10 + 122 - (37 + -2).
-7
What is the value of (12 - (-66 - (-23 - -20))) + -18?
57
What is the value of -184 - (20 + -48 + -63)?
-93
Evaluate (0 - -43 - 24) + 1 + (2 - 4) - 6.
12
Calculate -94 + 192 - 212 - -57.
-57
5 - (((-16 - -26) + -8 - -3) + (1 - -2))
-3
-2 - -19 - (935 + -958)
40
What is the value of 1 + (23 - 1) + 2937 + -3010?
-50
What is (-123 - -112) + (13 - -5)?
7
Calculate -98 + 0 + 2486 + -2439.
-51
Calculate 54 + -21 + -102 - -34.
-35
Calculate (-59 - (-3 - -30)) + -4 + 22.
-68
What is the value of 91 + 14 - (-52 - -138)?
19
Calculate -1 + -17 + 1164 + -1138.
8
Evaluate 13 + -4 - ((12 - (2 - -4)) + -5).
8
What is the value of (-9 + 20 - 26) + 5 + 81?
71
Evaluate 43 + -42 + -3 + (-5 - -2) + 0 - 27.
-32
0 - (1 + 16 + -2 + 19)
-34
(0 + -3 - 1) + (166 - (199 + -43))
6
What is (0 - -10) + 38 + (-88 - (32 + -52))?
-20
Calculate -7 + (-161 - -151) + (0 - 0 - 0) + -2.
-19
What is 22 + 34 + (-6 - (-44 + 7))?
87
Calculate (-11 - (-7 + -95)) + -8 - (32 + -20).
71
Calculate (-1 + 0 - (-19 - -7)) + -28 + (-59 - -73).
-3
What is the value o